{"id":4940,"date":"2018-02-18T18:26:34","date_gmt":"2018-02-18T16:26:34","guid":{"rendered":"http:\/\/www.achim-winkler.de\/?page_id=4940"},"modified":"2025-03-03T07:11:30","modified_gmt":"2025-03-03T05:11:30","slug":"startseite","status":"publish","type":"page","link":"https:\/\/www.achim-winkler.de\/","title":{"rendered":"Herzlich Willkommen"},"content":{"rendered":"<p><SPAN STYLE=\"color:#FFFFFF\">Hochzeitsfotograf, M\u00fclheim Ruhr, Hochzeitsfotos, Hochzeitsbilde,r Fotograf, Brautpaar, Shooting, Essen, Bottrop, Oberhausen, Duisburg <\/SPAN><br \/>\n Willkommen auf meiner Webseite Achim Winkler Fotografie.<\/p>\n<p>Sch\u00f6n, dass Sie hier sind! Ich bin Achim Winkler, leidenschaftlicher Fotograf mit drei Schwerpunkten: Hochzeitsfotografie, Naturfotografie und Portr\u00e4t- sowie Aktfotografie.<\/p>\n<p>In der Hochzeitsfotografie halte ich die einzigartigen Geschichten und besonderen Momente Ihres gro\u00dfen Tages fest. Jede Hochzeit ist ein individuelles Erlebnis, und ich halte es f\u00fcr meine Aufgabe, die Emotionen, die Liebe und die Freude des Tages in zeitlosen Bildern festzuhalten. St\u00f6bern Sie durch meine Arbeiten und lassen Sie sich inspirieren<\/p>\n<p>In der Naturfotografie lade ich Sie ein, mit mir die Sch\u00f6nheit der nat\u00fcrlichen Welt zu entdecken. Ob atemberaubende Landschaften, faszinierende Tiere oder die zarten Details von Pflanzen \u2013 ich strebe danach, die Wunder der Natur in all ihren Facetten festzuhalten.<\/p>\n<p>Dar\u00fcber hinaus habe ich eine besondere Leidenschaft f\u00fcr die Portr\u00e4tfotografie, bei der ich die einzigartigen Pers\u00f6nlichkeiten und Emotionen der Menschen einfangen m\u00f6chte. Ob klassische Portr\u00e4ts oder Kunst in Form von Aktfotografie \u2013 ich schaffe Bilder, die die Geschichten und die Sch\u00f6nheit jedes Individuums widerspiegeln.<\/p>\n<p>Auf dieser Seite finden Sie Galerien meiner Arbeiten in allen Bereichen sowie Informationen zu meinen Dienstleistungen und Inspirationen. Z\u00f6gern Sie nicht, mich zu kontaktieren, wenn Sie Fragen haben oder ein Shooting planen m\u00f6chten!<\/p>\n<p>Vielen Dank f\u00fcr Ihren Besuch! Viel Spa\u00df beim Entdecken meiner Fotografie!<\/p>\n<p><!DOCTYPE html><br \/>\n<html lang=\"de\"><br \/>\n<head><br \/>\n    <meta charset=\"UTF-8\"><br \/>\n    <title>Hochzeitsbilder<\/title><br \/>\n    <\/head><br \/>\n<tabble border=\"1\"><\/p>\n<td><div class=\"gmedia_gallery albumsListMasonry_module is_bot\" id=\"GmediaGallery_205\" data-gmid=\"205\" data-module=\"albumsListMasonry\"><style class='gmedia_module_style_import'>@import url('https:\/\/www.achim-winkler.de\/wp-content\/grand-media\/module\/albumsListMasonry\/css\/style.css?v=1.4.1') all;<\/style>\n<noscript class=\"module_GmediaAlbumsListMasonry\">\n\t<p>JavaScript is not enabled in your browser<\/p>\n<\/noscript>\n<script type=\"text\/javascript\">\n\tfunction gMediaListINIT()\n\t{\n\t\tvar id = 'gMediaGmediaAlbumsLis'+Math.floor((1 + Math.random()) * 0x10000);\n\t\tvar dataDIVs = document.body.getElementsByClassName('module_GmediaAlbumsListMasonry');\n\t\tdataDIVs[dataDIVs.length-1].setAttribute('app-id', id);\n\t\tthis[id] = {'settings':{\"splashPreloaderColor\":\"7f2ae8\",\"columns\":\"3\",\"thumbRecommendedSize\":\"250\",\"coverThumbRatio\":\"1\",\"spaceX\":\"20\",\"coverTitleForBookmark\":\"My Bookmarks\",\"coverTitleForPreferred\":\"Preferred\",\"coverHoverEffectEnable\":\"1\",\"coverTitleEnable\":\"1\",\"coverTitleFontSize\":\"30\",\"coverTitleTextColor\":\"ffffff\",\"coverCollectoinAmount\":\"1\",\"coverSocialShareEnabled\":\"1\",\"coverTitleBgColor1\":\"cd51dc\",\"coverTitleBgColor2\":\"295ee6\",\"coverTitleBgAlpha\":\"60\",\"collectionPreloaderColor\":\"7f2ae8\",\"collectionBgColor\":\"f4f4f4\",\"collectionHeaderBgColor\":\"ffffff\",\"collectionHeaderTextColor\":\"000000\",\"collectionHeaderControllIconColor\":\"ffffff\",\"collectionHeaderControllBgColor\":\"7d7d7d\",\"collectionThumbRecomendedWidth\":\"400\",\"collectionThumbInPadding\":\"20\",\"collectionThumbTitleEnable\":\"1\",\"collectionthumbHoverTitleFontSize\":\"18\",\"collectionthumbHoverTitleTextColor\":\"ffffff\",\"collectionThumbSubMenuVisibility\":\"1\",\"collectionThumbSubMenuIconColor\":\"ffffff\",\"collectionthumbHoverBgColor\":\"000000\",\"collectionthumbHoverBgAlpha\":\"80\",\"sliderPreloaderColor\":\"ffffff\",\"sliderBgColor\":\"000000\",\"sliderNavigationColor\":\"000000\",\"sliderNavigationColorOpacity\":\"70\",\"sliderNavigationIconColor\":\"ffffff\",\"sliderItemTitleFontSize\":\"30\",\"sliderItemTitleTextColor\":\"ffffff\",\"sliderThumbBarEnable\":\"1\",\"sliderInfoEnable\":\"1\",\"sliderLikesEnabled\":\"1\",\"sliderBookmarksEnabled\":\"1\",\"sliderInfoBoxBgColor\":\"ffffff\",\"sliderInfoBoxBgAlpha\":\"100\",\"sliderInfoBoxTitleTextColor\":\"000000\",\"sliderInfoBoxTextColor\":\"4f4f4f\",\"sliderItemDownload\":\"1\",\"sliderItemDiscuss\":\"1\",\"sliderSocialShareEnabled\":\"1\",\"customCSS\":\"\",\"license\":\"1271:1sl-4ddb-d88c-61dd\",\"post_url\":\"https:\\\/\\\/www.achim-winkler.de?rest_route=%2Fwp%2Fv2%2Fpages%2F4940\"}, \"appQuery\":{\"album__in\":\"33,208,211,207,206,209,210\",\"status\":[\"publish\"]}, \"appApi\":\"https:\\\/\\\/www.achim-winkler.de\\\/?gmedia-app=1&gmappversion=4&gmmodule=1\", \"appInfo\":{\"name\":\"Peoplefotografie\",\"description\":\"\"}};\n\t}\n\tgMediaListINIT();\n <\/script><\/div>\n<\/td>\n<td>\n<div class=\"gmedia_gallery albumsListMasonry_module is_bot\" id=\"GmediaGallery_269\" data-gmid=\"269\" data-module=\"albumsListMasonry\">\n<noscript class=\"module_GmediaAlbumsListMasonry\">\n\t<p>JavaScript is not enabled in your browser<\/p>\n<\/noscript>\n<script type=\"text\/javascript\">\n\tfunction gMediaListINIT()\n\t{\n\t\tvar id = 'gMediaGmediaAlbumsLis'+Math.floor((1 + Math.random()) * 0x10000);\n\t\tvar dataDIVs = document.body.getElementsByClassName('module_GmediaAlbumsListMasonry');\n\t\tdataDIVs[dataDIVs.length-1].setAttribute('app-id', id);\n\t\tthis[id] = {'settings':{\"splashPreloaderColor\":\"7f2ae8\",\"columns\":\"3\",\"thumbRecommendedSize\":\"250\",\"coverThumbRatio\":\"1\",\"spaceX\":\"20\",\"coverTitleForBookmark\":\"My Bookmarks\",\"coverTitleForPreferred\":\"Preferred\",\"coverHoverEffectEnable\":\"1\",\"coverTitleEnable\":\"1\",\"coverTitleFontSize\":\"30\",\"coverTitleTextColor\":\"ffffff\",\"coverCollectoinAmount\":\"1\",\"coverSocialShareEnabled\":\"1\",\"coverTitleBgColor1\":\"cd51dc\",\"coverTitleBgColor2\":\"295ee6\",\"coverTitleBgAlpha\":\"60\",\"collectionPreloaderColor\":\"7f2ae8\",\"collectionBgColor\":\"f4f4f4\",\"collectionHeaderBgColor\":\"ffffff\",\"collectionHeaderTextColor\":\"000000\",\"collectionHeaderControllIconColor\":\"ffffff\",\"collectionHeaderControllBgColor\":\"7d7d7d\",\"collectionThumbRecomendedWidth\":\"400\",\"collectionThumbInPadding\":\"20\",\"collectionThumbTitleEnable\":\"1\",\"collectionthumbHoverTitleFontSize\":\"18\",\"collectionthumbHoverTitleTextColor\":\"ffffff\",\"collectionThumbSubMenuVisibility\":\"1\",\"collectionThumbSubMenuIconColor\":\"ffffff\",\"collectionthumbHoverBgColor\":\"000000\",\"collectionthumbHoverBgAlpha\":\"80\",\"sliderPreloaderColor\":\"ffffff\",\"sliderBgColor\":\"000000\",\"sliderNavigationColor\":\"000000\",\"sliderNavigationColorOpacity\":\"70\",\"sliderNavigationIconColor\":\"ffffff\",\"sliderItemTitleFontSize\":\"30\",\"sliderItemTitleTextColor\":\"ffffff\",\"sliderThumbBarEnable\":\"1\",\"sliderInfoEnable\":\"1\",\"sliderLikesEnabled\":\"1\",\"sliderBookmarksEnabled\":\"1\",\"sliderInfoBoxBgColor\":\"ffffff\",\"sliderInfoBoxBgAlpha\":\"100\",\"sliderInfoBoxTitleTextColor\":\"000000\",\"sliderInfoBoxTextColor\":\"4f4f4f\",\"sliderItemDownload\":\"1\",\"sliderItemDiscuss\":\"1\",\"sliderSocialShareEnabled\":\"1\",\"customCSS\":\"\",\"license\":\"1271:1sl-4ddb-d88c-61dd\",\"post_url\":\"https:\\\/\\\/www.achim-winkler.de?rest_route=%2Fwp%2Fv2%2Fpages%2F4940\"}, \"appQuery\":{\"album__in\":\"197,202,195,203,196,212\",\"status\":[\"publish\"]}, \"appApi\":\"https:\\\/\\\/www.achim-winkler.de\\\/?gmedia-app=1&gmappversion=4&gmmodule=1\", \"appInfo\":{\"name\":\"Naturfotografie\",\"description\":\"\"}};\n\t}\n\tgMediaListINIT();\n <\/script><\/div>\n<\/td>\n<\/table>\n<p><\/body><br \/>\n<\/html><\/p>\n","protected":false},"excerpt":{"rendered":"<p>Hochzeitsfotograf, M\u00fclheim Ruhr, Hochzeitsfotos, Hochzeitsbilde,r Fotograf, Brautpaar, Shooting, Essen, Bottrop, Oberhausen, Duisburg Willkommen auf meiner Webseite Achim Winkler Fotografie. Sch\u00f6n, dass Sie hier sind! Ich bin Achim Winkler, leidenschaftlicher Fotograf mit drei Schwerpunkten: Hochzeitsfotografie, Naturfotografie und Portr\u00e4t- sowie Aktfotografie. In der Hochzeitsfotografie halte ich die einzigartigen Geschichten und besonderen Momente Ihres gro\u00dfen Tages fest. Jede&hellip;<\/p>\n","protected":false},"author":1,"featured_media":0,"parent":0,"menu_order":0,"comment_status":"closed","ping_status":"closed","template":"","meta":{"footnotes":""},"class_list":["post-4940","page","type-page","status-publish","hentry","no-post-thumbnail","post-grid-2-col","entry"],"_links":{"self":[{"href":"https:\/\/www.achim-winkler.de\/index.php?rest_route=\/wp\/v2\/pages\/4940","targetHints":{"allow":["GET"]}}],"collection":[{"href":"https:\/\/www.achim-winkler.de\/index.php?rest_route=\/wp\/v2\/pages"}],"about":[{"href":"https:\/\/www.achim-winkler.de\/index.php?rest_route=\/wp\/v2\/types\/page"}],"author":[{"embeddable":true,"href":"https:\/\/www.achim-winkler.de\/index.php?rest_route=\/wp\/v2\/users\/1"}],"replies":[{"embeddable":true,"href":"https:\/\/www.achim-winkler.de\/index.php?rest_route=%2Fwp%2Fv2%2Fcomments&post=4940"}],"version-history":[{"count":0,"href":"https:\/\/www.achim-winkler.de\/index.php?rest_route=\/wp\/v2\/pages\/4940\/revisions"}],"wp:attachment":[{"href":"https:\/\/www.achim-winkler.de\/index.php?rest_route=%2Fwp%2Fv2%2Fmedia&parent=4940"}],"curies":[{"name":"wp","href":"https:\/\/api.w.org\/{rel}","templated":true}]}}